 (83 + -2)/(-3). What is the greatest common divisor of k and 14?
14
Let d(w) = -w**2 - 5*w + 3. Let r be d(-5). Suppose 11*p = 10*p + 33. Calculate the highest common divisor of r and p.
3
Let x(b) = -8*b - 23. Let i be x(-13). What is the greatest common factor of 9 and i?
9
Suppose 4*v - 8 = -0. Suppose -15 = 3*r, 5*a - v*r - 93 = -3. Calculate the highest common factor of 144 and a.
16
Suppose 2*y - 5*y = 0. Suppose y = -3*d + d - 4*v + 44, 43 = d - 5*v. Calculate the highest common factor of 14 and d.
14
Let r = -377 + 685. What is the greatest common factor of r and 28?
28
Let v = 48 + -20. Calculate the greatest common factor of 4 and v.
4
Suppose 0 = 10*u - 9*u. Suppose 3*v - 44 = -2*z, -5*v + 0*z - 3*z + 73 = u. Calculate the highest common factor of v and 7.
7
Suppose 5*y = -5*b + 395, -5*b + 156 = 2*y - b. What is the highest common factor of y and 5?
5
Let o = 19 + -13. Let z = 18 + -14. What is the greatest common factor of o and z?
2
Suppose 5*j - 240 = -13*v + 8*v, 3*j - 144 = -5*v. Calculate the highest common divisor of 336 and j.
48
Let o be (4/(-4))/(3 - 2)*-3. What is the greatest common factor of o and 21?
3
Suppose 0 = 4*w + 4*g - 2*g, 4*g = -3*w. Let l(y) = -y + 126. Let c be l(w). What is the highest common divisor of 14 and c?
14
Suppose 4*v + 61 + 103 = 2*g, 78 = g + 2*v. Suppose 4*y - g = -0*y. Calculate the highest common divisor of 20 and y.
20
Let c be ((-18)/15)/(15/50). Let i(z) = z**3 + 3*z**2 - 3*z + 5. Let t be i(c). Calculate the greatest common factor of 1 and t.
1
Let d(j) = 31*j**2 + 4*j - 16. Let f be d(3). Calculate the highest common divisor of f and 11.
11
Let x = 2 - -3. Suppose -w = -x*z + 608, 596 = -3*z + 8*z + 3*w. Calculate the greatest common divisor of z and 11.
11
Let w(z) = 2*z**3 - 7*z**2 + 4*z - 5. Let j be w(5). What is the highest common factor of j and 18?
18
Suppose -4 = -m, m + 2 = 3*h - 0. Let s(y) = -y**2 + 8*y - 6. Let r be s(6). Suppose -h*c - 56 = -r*c. What is the highest common factor of 126 and c?
14
Let l(s) be the third derivative of -9*s**4/8 - s**3/6 + 2*s**2. Let w be l(-3). Calculate the highest common factor of 32 and w.
16
Let v = 67 + 5. Calculate the highest common factor of v and 18.
18
Suppose 5*j = -3*h - 11, -2*h + 7*h + 39 = 2*j. Let s(v) = v + 11. Let k be s(h). Suppose 0 = 4*z - 5 - 11. What is the greatest common factor of k and z?
4
Let d be 52/12 - (-1)/(-3). Let u be d/(-6) + 80/3. Let h = -16 + 29. Calculate the greatest common divisor of h and u.
13
Let m be (-1 + 3)*(18 + 2). What is the greatest common divisor of 100 and m?
20
Let r(f) = 4*f**2 + 13*f - 8. Let a be r(-5). Calculate the highest common divisor of 216 and a.
27
Let q(t) = 6*t**2 - 7*t + 17. Let x be q(3). Calculate the greatest common factor of 20 and x.
10
Suppose -66 = -3*g - 0. Calculate the greatest common divisor of 242 and g.
22
Suppose 4*c = c + 24. Suppose 2*h = h + c. Calculate the highest common factor of 72 and h.
8
Suppose -5*y = -4*k + 2*k + 85, 0 = -4*y - 20. Calculate the greatest common divisor of k and 20.
10
Suppose 4*v - 7*v = -195. What is the greatest common divisor of v and 13?
13
Suppose l + 1611 = 2*l. Let s be l/15 - 6/(-10). Calculate the highest common divisor of s and 12.
12
Let x = 47 + -15. Let z be 10 - 1 - (10 - 9). What is the greatest common divisor of z and x?
8
Suppose 2*v + 3 + 56 = 5*p, 3*p - 48 = -3*v. What is the highest common divisor of p and 13?
13
Suppose -4*v = -4*o - 96, v + 0*v - 8 = -3*o. Suppose 0 = -8*s + 6*s + 16. Calculate the greatest common factor of v and s.
4
Suppose t + 19 = 4*a, 4*a + 4*t + 1 = 5. Suppose l = a*l - 6. Suppose 5*k + x - 125 = -x, 0 = l*k - 3*x - 69. Calculate the greatest common factor of 9 and k.
9
Let s(h) = -h + 3. Let d be s(-5). Let z be (-564)/d*(-2)/3. Suppose -w - r + 11 = 0, -2*r = -5*w - 5*r + z. What is the greatest common divisor of 77 and w?
7
Suppose 3*x - 98 = -4*x. Calculate the highest common divisor of x and 98.
14
Let a be 18/5 - 2/(-5). What is the greatest common factor of 36 and a?
4
Suppose -148 - 20 = -3*j. Suppose 9 - 37 = -4*k - 3*h, 5*k - 35 = -4*h. What is the greatest common factor of j and k?
7
Suppose 6*u + 5*o - 36 = 2*u, 4 = -2*u + 3*o. Suppose 0 = -5*h - 4*g + 69, -2*g + 3 + 51 = u*h. Calculate the highest common factor of h and 39.
13
Suppose 5*w + 54 - 14 = -4*g, -2*g = -5*w + 50. Let k be (2/5)/((-3)/g). Calculate the highest common factor of 5 and k.
1
Suppose 2*g - 5*w + 9 = 0, -g + 4*w = -0*g + 12. Calculate the greatest common divisor of 20 and g.
4
Let h = -3 + 6. Let q = h + -15. Let t be (-2)/4*2*q. What is the highest common divisor of t and 30?
6
Let d be 259/4 - 1/(-4). Let u(r) = -2*r - 3*r + 1 + 0*r - r. Let b be u(-2). What is the highest common divisor of b and d?
13
Let v(x) = 6*x + 4. Let d be v(-4). Let p = d - -48. Calculate the highest common divisor of p and 7.
7
Suppose -k + d - 106 = -4*k, -4*k = -5*d - 154. Calculate the highest common divisor of 12 and k.
12
Let t = 6 + -4. Suppose -44 = -t*r + r. Let n(p) = 3*p + 2. Let j be n(3). Calculate the greatest common divisor of j and r.
11
Let x be (-21 + 25)*(15 + -1). What is the greatest common divisor of x and 14?
14
Suppose -3*j + 315 = 4*k, -4*k + 0*j + 330 = -2*j. Suppose 0*m + m = -1, k = 4*g + 3*m. What is the greatest common divisor of g and 3?
3
Suppose -i = -4*o + 21, -o - 2*i = 2*o - 2. What is the greatest common factor of 4 and o?
4
Suppose -3*k + 4*k - 9 = 0. Let q(j) = 3*j - 13. Let i be q(k). What is the greatest common factor of 98 and i?
14
Let h = -9 - -23. Let g be (h/2)/(12/528). Calculate the highest common divisor of 28 and g.
28
Suppose 170 + 55 = 5*t. Suppose -2*i + 35 = 3*j, -j = i - 7 - 3. What is the highest common factor of t and j?
15
Let o = -8 + 10. Suppose 3*g = 2*h + 206, o*g + 3*h = -g + 231. Calculate the highest common factor of g and 8.
8
Let b = -3 + 2. Let z(s) = s**2 - 2*s - 1. Let v be z(b). Suppose -q + v*q = 1. Calculate the highest common divisor of 9 and q.
1
Let m(t) = -44*t. Let n be m(-1). Suppose -3*l + n = l. Suppose 41 = 2*f + l. Calculate the highest common factor of f and 165.
15
Suppose -27 + 3 = -l. What is the highest common factor of l and 6?
6
Suppose s = 3*w + 2*s - 92, 2*w - 2*s = 64. What is the highest common factor of 31 and w?
31
Let q(p) = -1 + 7 + 2*p**2 + 3*p**2 + 4*p**3 - 5*p**3. Let c be q(5). What is the highest common factor of c and 42?
6
Suppose 4 = f + 5*l, 4*l = -4*f + 2*f + 32. Calculate the greatest common factor of f and 3.
3
Let k = 19 + -13. Let b = -74 - -98. What is the greatest common factor of b and k?
6
Suppose 3*c - 1 = 107. Calculate the highest common factor of 36 and c.
36
Let f be (-18)/(-22) - (-4)/22. Let l = f - 1. Suppose y + 4*y - 20 = l. What is the greatest common factor of y and 4?
4
Let x = -12 - -34. Let v(o) = 6 + 0*o - 3*o + 2*o. Let g be v(-5). Calculate the greatest common factor of x and g.
11
Suppose v - 240 = -v. Suppose -m - m = -v. Suppose -p + 3*t = -9, -p = 4*p + 5*t - 65. Calculate the greatest common factor of p and m.
12
Let b = -78 + 350. Calculate the greatest common divisor of b and 17.
17
Suppose r = 5*r + 4*g - 28, -g - 17 = -3*r. Let x be ((-2)/r)/((-4)/96). What is the greatest common factor of 8 and x?
8
Let d be 0 + -4 - 476/(-7). What is the greatest common factor of 16 and d?
16
Let w be 7/((-14)/8) + 16. Calculate the greatest common divisor of 3 and w.
3
Suppose 0 = -5*w + 28 + 22. Let x = 122 + -117. What is the highest common divisor of x and w?
5
Let j(r) = -r**3 + 8*r**2 + 8*r - 1. Let u be j(7). Calculate the highest common factor of u and 13.
13
Let o be -14*((-3 - -4 - 2) + 0). What is the greatest common factor of 56 and o?
14
Let s be (-165)/(-2)*24/10. Calculate the highest common factor of 18 and s.
18
Let c be 2 - (-15 - 4/(-2)). Let o(q) = q**3 + 6*q**2 - 2*q - 6. Let t be o(-6). What is the highest common factor of c and t?
3
Let m(b) = -b**2 - 15*b + 4. Let n be m(-12). What is the greatest common factor of 16 and n?
8
Let t(g) = 7*g - 1. Let c(p) = p - 1. Let b(d) = 6*c(d) - t(d). Let w be (-13)/2 - (-5)/(-10). Let k be b(w). What is the greatest common factor of 6 and k?
2
Suppose -52 = -3*g + 4*h, 4*g + h - 51 + 7 = 0. Let x be (-4 + 1)/((-1)/8). Calculate the g